7559 a composite number?
False
Is 16421225663 prime?
True
Is 683230183 composite?
False
Is 543950591 prime?
False
Is 7273129879 prime?
False
Is 1175245349 a prime number?
True
Is 636861109 a composite number?
False
Is 28824015755 composite?
True
Is 473149409 a prime number?
True
Is 12993319 prime?
False
Is 22121223403 a prime number?
False
Is 657625973 a composite number?
True
Is 1150269469 a composite number?
True
Is 5756575469 prime?
True
Is 20675989283 prime?
True
Is 213105359 a composite number?
True
Is 725794429 composite?
False
Is 6645192493 a composite number?
False
Is 8534625823 composite?
False
Is 1919535602 prime?
False
Is 14342039722 a composite number?
True
Is 4644015793 a composite number?
False
Is 6905058611 a composite number?
True
Is 2135431507 prime?
False
Is 864105413 a prime number?
True
Is 61233744191 prime?
True
Is 7047670961 prime?
True
Is 6957186757 composite?
False
Is 86172517993 prime?
False
Is 1980433951 composite?
True
Is 15090345841 prime?
False
Is 323782499 a composite number?
False
Is 5354944303 composite?
False
Is 3041632667 a prime number?
False
Is 790956007 a composite number?
False
Is 700110209 a prime number?
True
Is 2091911501 composite?
False
Is 5978498005 a composite number?
True
Is 1674660523 prime?
True
Is 384318166 composite?
True
Is 4886711617 prime?
True
Is 1102168913 prime?
False
Is 1349642039 a prime number?
False
Is 2346432001 a prime number?
True
Is 16099054729 a composite number?
False
Is 811036133 a composite number?
False
Is 304312641 composite?
True
Is 18897846263 a prime number?
False
Is 2242413401 composite?
False
Is 1245243877 composite?
False
Is 1844240341 a prime number?
True
Is 5320786819 a composite number?
False
Is 1708165141 composite?
True
Is 8315451647 a prime number?
False
Is 547048829 composite?
True
Is 672358451 a composite number?
False
Is 5768625461 prime?
True
Is 3351087907 prime?
True
Is 99419233363 composite?
False
Is 935382583 a prime number?
True
Is 24088880087 prime?
False
Is 25014619261 composite?
True
Is 222477752459 prime?
True
Is 8462034553 prime?
False
Is 16866667087 a prime number?
True
Is 31849015291 prime?
False
Is 1651770647 a composite number?
True
Is 4043216479 prime?
False
Is 94512123107 a composite number?
True
Is 514488157 composite?
False
Is 9421258745 composite?
True
Is 73837036543 prime?
True
Is 3812122397 a prime number?
True
Is 146136785435 a composite number?
True
Is 1416855481 a prime number?
False
Is 382164763 a prime number?
True
Is 750214571 a prime number?
False
Is 49100960783 a composite number?
True
Is 83196944519 composite?
True
Is 4247750737 a prime number?
True
Is 2817908371 composite?
False
Is 3318226799 prime?
False
Is 5802106474 a composite number?
True
Is 10184904487 composite?
True
Is 547510939 composite?
False
Is 64627185587 a prime number?
True
Is 121835740057 composite?
False
Is 8685172135 prime?
False
Is 25746660097 composite?
True
Is 794693659 composite?
True
Is 13553345249 a prime number?
True
Is 9339330939 prime?
False
Is 5576239621 a prime number?
True
Is 14125308359 prime?
True
Is 9823442773 composite?
False
Is 8169222851 a prime number?
False
Is 836160517 composite?
True
Is 1436875871 a prime number?
False
Is 3598854529 a prime number?
False
Is 4027987619 a prime number?
False
Is 264022079 a prime number?
True
Is 2755007158 prime?
False
Is 2272641653 prime?
True
Is 76143859747 a prime number?
False
Is 13102692929 a composite number?
False
Is 883372639 composite?
True
Is 2329947089 prime?
True
Is 16902019495 a composite number?
True
Is 15259939 a prime number?
False
Is 504615571 prime?
True
Is 4658505143 composite?
False
Is 46773990953 composite?
False
Is 902553043 a prime number?
False
Is 10032552419 prime?
True
Is 46521071 prime?
True
Is 197092655 prime?
False
Is 739538477 composite?
False
Is 113731987 composite?
True
Is 3760426867 a prime number?
True
Is 6530453 prime?
False
Is 92299451261 prime?
False
Is 47101099733 a composite number?
False
Is 2945473361 prime?
True
Is 64605529 composite?
True
Is 8074100123 a composite number?
False
Is 106005289 prime?
False
Is 738332351 a prime number?
False
Is 4121147887 a composite number?
False
Is 7167287201 composite?
False
Is 3460722361 a prime number?
True
Is 3260139859 a composite number?
False
Is 128533529 a composite number?
True
Is 12961581098 prime?
False
Is 1587894271 composite?
True
Is 8937396917 composite?
False
Is 104905997197 a composite number?
False
Is 586913699 a composite number?
False
Is 3996064493 prime?
True
Is 4935464231 a composite number?
True
Is 6764399141 a prime number?
True
Is 97350998729 prime?
False
Is 666747007 a composite number?
True
Is 54763491883 prime?
False
Is 50593119029 prime?
False
Is 1882828733 prime?
True
Is 2464076993 composite?
True
Is 6326597911 composite?
True
Is 6656125237 a prime number?
True
Is 7452816223 prime?
False
Is 31629598961 prime?
False
Is 92533739 prime?
True
Is 1916600039 composite?
True
Is 218357 prime?
True
Is 3174959417 composite?
True
Is 5836473109 prime?
True
Is 17586678073 composite?
False
Is 4201566841 composite?
True
Is 93422749 composite?
True
Is 902055829 a composite number?
True
Is 32708412259 prime?
True
Is 36021870039 a composite number?
True
Is 18715111 composite?
True
Is 400453126663 composite?
True
Is 9205830223 composite?
False
Is 8936409017 prime?
True
Is 31300094941 composite?
True
Is 137603211431 composite?
True
Is 179014919 a prime number?
False
Is 5480975317 a composite number?
False
Is 123836497 a composite number?
True
Is 439257493 prime?
True
Is 2325046915 a composite number?
True
Is 4844796863 a composite number?
True
Is 4316546393 composite?
False
Is 233034259 a prime number?
False
Is 12091754231 composite?
False
Is 101658427315 prime?
False
Is 91574861779 a composite number?
False
Is 33813281147 a composite number?
True
Is 393208087 a composite number?
False
Is 4144912163 prime?
False
Is 2252709119 a composite number?
False
Is 223583611 composite?
True
Is 3266466603 composite?
True
Is 119163211273 a prime number?
True
Is 23313254617 a prime number?
False
Is 57286359587 a prime number?
True
Is 73018041851 composite?
False
Is 4077740503 a composite number?
False
Is 2749939561 a prime number?
True
Is 128027225891 composite?
True
Is 487908593 prime?
False
Is 960464819 composite?
False
Is 12089218903 composite?
False
Is 22234047821 a composite number?
False
Is 35585947 a composite number?
True
Is 101092237 a composite number?
False
Is 95867909147 a prime number?
True
Is 196152101 a prime number?
True
Is 78950671 a composite number?
False
Is 960229169 a composite number?
False
Is 22639201 composite?
True
Is 119392344749 a prime number?
True
Is 70556737 a composite number?
True
Is 789608759 composite?
False
Is 308127607 composite?
False
Is 2243144911 composite?
True
Is 58614617 a composite number?
True
Is 113582918989 prime?
True
Is 832295447 a prime number?
False
Is 851669857 prime?
False
Is 7447799311 a composite number?
False
Is 2569645853 prime?
False
Is 8969089559 a prime number?
False
Is 1910072921 composite?
True
Is 1194902563 a composite number?
False
Is 327278698 composite?
True
Is 5738516337 composite?
True
Is 1349434717 composite?
False
Is 481097811 a prime number?
False
Is 6911716477 composite?
True
Is 48304423451 a composite number?
False
Is 12209672243 composite?
False
Is 537242605 prime?
False
Is 1224965611 composite?
True
Is 1581509311 prime?
False
Is 6583263557 prime?
False
Is 50955308273 a prime number?
True
Is 20227807513 a prime number?
False
Is 482478197 composite?
True
Is 36513738011 a composite number?
True
Is 638433506 a prime number?
False
Is 2940140993 a prime number?
False
Is 27799057561 prime?
False
Is 20157677 a prime number?
True
Is 2976520727 prime?
True
Is 661023157 composite?
False
Is 2869692559 composite?
False
Is 60730451219 a composite number?
True
Is 4213542005 composite?
True
Is 29486536619 prime?
True
Is 14903541767 prime?
False
Is 41889283391 a composite number?
False
Is 7586948183 a composite number?
False
Is 18963326969 a composite number?
True
Is 888000343 a composite number?
True
Is 1714475911 composite?
True
Is 1735409681 a composite number?
False
Is 631201247 prime?
True
Is 4291098433 composite?
False
Is 779411671 prime?
True
Is 2163943423 prime?
True
Is 727